{"id":224,"date":"2014-10-15T23:10:51","date_gmt":"2014-10-15T21:10:51","guid":{"rendered":"http:\/\/new.selk-muenchen.de\/?page_id=224"},"modified":"2026-02-26T15:45:45","modified_gmt":"2026-02-26T14:45:45","slug":"gemeindewochenende","status":"publish","type":"page","link":"https:\/\/www.selk-muenchen.de\/en\/jaehrliche-veranstaltungen\/gemeindewochenende\/","title":{"rendered":"Gemeindewochenende"},"content":{"rendered":"<p>In einigen Jahren traf sich die Gemeinde ein Wochenende lang, um gemeinsam ein Thema zu behandeln.<\/p>\n<p><img loading=\"lazy\" decoding=\"async\" class=\"alignright wp-image-520 size-full\" src=\"https:\/\/www.selk-muenchen.de\/wp-content\/uploads\/2014\/10\/IMG_5373_DxO-e14192720496461.jpg\" alt=\"IMG_5373_DxO\" width=\"240\" height=\"105\" \/>Das Gemeindewochenende 2014 stand unter dem Motto\u00a0&#8220;<b>Kirche sind wir alle &#8211; auch ich!?&#8221; <\/b>und fand vom 25.-27. Juli in Ottmaring statt.<\/p>\n<p><img loading=\"lazy\" decoding=\"async\" class=\"alignleft wp-image-519 size-full\" src=\"https:\/\/www.selk-muenchen.de\/wp-content\/uploads\/2014\/10\/IMG_5368_WpK1.jpg\" alt=\"IMG_5368_WpK\" width=\"120\" height=\"80\" \/><\/p>\n<p>Vom Freitag, 22. Juli bis Sonntag, 24. Juli 2016 fand unser Gemeindewochenende statt. Das \u00d6kumenische Begegnungszentrum in Ottmaring bei Friedberg\/Augsburg ist wie geschaffen f\u00fcr unsere Freizeit. Es liegt abseits vom Stra\u00dfenverkehr, umgeben von einer kleinen Parkanlage. Das christliche Zentrum verf\u00fcgt \u00fcber moderne G\u00e4stezimmer, gut ausgestattete Seminar- und Vortragsr\u00e4ume, eine sch\u00f6ne Kapelle und alles was zu einer guten Bewirtung geh\u00f6rt.<\/p>\n<p>Es war ein Wochenende f\u00fcr die ganze Gemeinde, f\u00fcr Jung und Alt &#8211; eine gute Gelegenheit sich n\u00e4her kennenzulernen! Die Kinder konnten sich an der frischen Luft austoben. Beim Fu\u00dfballspielen sahen wir wahre Talente, Jungs und M\u00e4dels schenkten sich nichts. H\u00f6hepunkt des ersten Abends war das Bibelquiz. Pfarrer Schmitt hat es uns nicht leichtgemacht. Aufgeteilt in Gruppen wurden die Aufgaben mit Unterst\u00fctzung der Kinder gel\u00f6st. Die Gruppe \u201eElena\u201c trug den Sieg davon. Wir hatten einen Riesenspa\u00df!<\/p>\n<p><img loading=\"lazy\" decoding=\"async\" class=\"alignright size-full wp-image-1625\" src=\"https:\/\/www.selk-muenchen.de\/wp-content\/uploads\/2014\/10\/IMG_9778-11.jpg\" alt=\"IMG_9778\" width=\"120\" height=\"80\" \/>Thema des Gemeinde-wochenendes war: \u201e<strong>Das Alte Testament \u2013 was gilt f\u00fcr Christ<\/strong><strong>en und was nicht!<\/strong>\u201c Interessante theologische Einf\u00fchrungen von Pfarrer Schmitt zu den Themen \u201eChristliche Freiheit\u201c, \u201eAuslegung der Bibel\u201c, \u201eSch\u00f6pfungsordnung \u2013 Gott schuf den Menschen zu seinem Ebenbild als Mann und Frau\u201c und \u201eV\u00e4ter und M\u00fctter im Glauben\u201c, f\u00fchrten zu intensiven Diskussionen. Bei der Sch\u00f6pfungsordnung gingen die Meinungen zwischen j\u00fcngeren und \u00e4lteren Gemeindegliedern etwas auseinander. Junge Eltern sahen geringere Unterschiede zwischen Mann und Frau, in der fr\u00fchen Betreuung der Kinder in Krippen gab es weniger Bedenken und die Aufgaben von Mann und Frau in der Ehe und Gesellschaft sahen sie variabler. In zwei Punkten waren sich alle einig, erstens, keine Einmischung in Familie und Ehe durch den Staat und zweitens, bitte keine Genderideologie! Mir hat die Diskussion gefallen und gezeigt: unsere Gemeinde besitzt eine hohe Diskussionskultur!<\/p>\n<p>In Abraham, Noah, Mose, David, Jona, Daniel und Jesaja verwandelten sich die Kinder in der Talkshow \u201eGegenwart trifft auf Vergangenheit\u201c. Da <img loading=\"lazy\" decoding=\"async\" class=\"alignleft size-full wp-image-1626\" src=\"https:\/\/www.selk-muenchen.de\/wp-content\/uploads\/2014\/10\/IMG_9830-11.jpg\" alt=\"IMG_9830\" width=\"240\" height=\"111\" \/>wurde uns vor Augen gef\u00fchrt, dass wir heute mit vergleichbaren Problemen belastet sind. Das Alte Testament hat uns auch heute viel zu sagen. Das haben die Kinder und das Team gut veranschaulicht!<\/p>\n<p>Samstagabend stieg ein Wohlgeruch gen Himmel! Im Park unter B\u00e4umen grillten unsere Fachm\u00e4nner Steaks und W\u00fcrstchen. Mit leckeren Salaten genossen wir die Grillspezialit\u00e4ten. Auch den Durst, den alle in der Sommerhitze sp\u00fcrten, konnten wir stillen. Es war ein geselliger Abend!<\/p>\n<p><img loading=\"lazy\" decoding=\"async\" class=\"alignright size-full wp-image-1627\" src=\"https:\/\/www.selk-muenchen.de\/wp-content\/uploads\/2014\/10\/IMG_9883-11.jpg\" alt=\"IMG_9883\" width=\"120\" height=\"80\" \/>Am Sonntag feierten wir den Gottesdienst mit Heiligem Abendmahl in der Kapelle. Pfarrer Schmitt predigte \u00fcber die Emmaus-J\u00fcnger. In der F\u00fcrbitte gedachten wir insbesondere der Opfer des Attentats im Olympiaeinkaufszentrum in M\u00fcnchen. Nach dem Mittagessen erhielten wir den Reisesegen. Es bleibt die Erinnerung an ein sch\u00f6nes Wochenende in Ottmaring. Wir freuen uns schon auf das Gemeindewochenende im n\u00e4chsten Jahr!<\/p>\n<p>Das letzte Gemeindewochenende in Ottmaring war vom 21. bis 23. Juli 2017 (Thema:\u00a0<span style=\"color: #993366;\">500 Jahre Reformation \u2013 was gilt es auch heute zu glauben, zu lehren und zu\u00a0bekennen?<\/span>).<\/p>\n<p>Wegen des Kirchbaus fand 2018 und findet auch 2019 kein Gemeindewochenende in Ottmaring statt.<\/p>\n<p>Weitere Informationen erhalten Sie im\u00a0<a title=\"Startseite\" href=\"https:\/\/www.selk-muenchen.de\/wp-content\/uploads\/2014\/10\/?page_id=115\">Pfarramt <\/a>und \u00fcber den\u00a0<a title=\"Gemeindebrief\" href=\"https:\/\/www.selk-muenchen.de\/wp-content\/uploads\/2014\/10\/?page_id=484\">Gemeindebrief<\/a>.<\/p>\n","protected":false},"excerpt":{"rendered":"<p>In einigen Jahren traf sich die Gemeinde ein Wochenende lang, um gemeinsam ein Thema zu behandeln. Das Gemeindewochenende 2014 stand unter dem Motto\u00a0&#8220;Kirche sind wir alle &#8211; auch ich!?&#8221; und fand vom 25.-27. Juli in Ottmaring statt. Vom Freitag, 22. Juli bis Sonntag, 24. Juli 2016 fand unser Gemeindewochenende statt. Das \u00d6kumenische Begegnungszentrum in Ottmaring &hellip; <a href=\"https:\/\/www.selk-muenchen.de\/en\/jaehrliche-veranstaltungen\/gemeindewochenende\/\" class=\"more-link\">Continue reading <span class=\"screen-reader-text\">Gemeindewochenende<\/span> <span class=\"meta-nav\">&rarr;<\/span><\/a><\/p>\n","protected":false},"author":1,"featured_media":0,"parent":231,"menu_order":0,"comment_status":"closed","ping_status":"closed","template":"","meta":{"footnotes":""},"class_list":["post-224","page","type-page","status-publish","hentry"],"translation":{"provider":"WPGlobus","version":"3.0.2","language":"en","enabled_languages":["de","en"],"languages":{"de":{"title":true,"content":true,"excerpt":false},"en":{"title":false,"content":false,"excerpt":false}}},"_links":{"self":[{"href":"https:\/\/www.selk-muenchen.de\/en\/wp-json\/wp\/v2\/pages\/224","targetHints":{"allow":["GET"]}}],"collection":[{"href":"https:\/\/www.selk-muenchen.de\/en\/wp-json\/wp\/v2\/pages"}],"about":[{"href":"https:\/\/www.selk-muenchen.de\/en\/wp-json\/wp\/v2\/types\/page"}],"author":[{"embeddable":true,"href":"https:\/\/www.selk-muenchen.de\/en\/wp-json\/wp\/v2\/users\/1"}],"replies":[{"embeddable":true,"href":"https:\/\/www.selk-muenchen.de\/en\/wp-json\/wp\/v2\/comments?post=224"}],"version-history":[{"count":21,"href":"https:\/\/www.selk-muenchen.de\/en\/wp-json\/wp\/v2\/pages\/224\/revisions"}],"predecessor-version":[{"id":11279,"href":"https:\/\/www.selk-muenchen.de\/en\/wp-json\/wp\/v2\/pages\/224\/revisions\/11279"}],"up":[{"embeddable":true,"href":"https:\/\/www.selk-muenchen.de\/en\/wp-json\/wp\/v2\/pages\/231"}],"wp:attachment":[{"href":"https:\/\/www.selk-muenchen.de\/en\/wp-json\/wp\/v2\/media?parent=224"}],"curies":[{"name":"wp","href":"https:\/\/api.w.org\/{rel}","templated":true}]}}

<p>In einigen Jahren traf sich die Gemeinde ein Wochenende lang, um gemeinsam ein Thema zu behandeln.</p>
<p><img loading="lazy" decoding="async" class="alignright wp-image-520 size-full" src="https://www.selk-muenchen.de/wp-content/uploads/2014/10/IMG_5373_DxO-e14192720496461.jpg" alt="IMG_5373_DxO" width="240" height="105" />Das Gemeindewochenende 2014 stand unter dem Motto &#8220;<b>Kirche sind wir alle &#8211; auch ich!?&#8221; </b>und fand vom 25.-27. Juli in Ottmaring statt.</p>
<p><img loading="lazy" decoding="async" class="alignleft wp-image-519 size-full" src="https://www.selk-muenchen.de/wp-content/uploads/2014/10/IMG_5368_WpK1.jpg" alt="IMG_5368_WpK" width="120" height="80" /></p>
<p>Vom Freitag, 22. Juli bis Sonntag, 24. Juli 2016 fand unser Gemeindewochenende statt. Das Ökumenische Begegnungszentrum in Ottmaring bei Friedberg/Augsburg ist wie geschaffen für unsere Freizeit. Es liegt abseits vom Straßenverkehr, umgeben von einer kleinen Parkanlage. Das christliche Zentrum verfügt über moderne Gästezimmer, gut ausgestattete Seminar- und Vortragsräume, eine schöne Kapelle und alles was zu einer guten Bewirtung gehört.</p>
<p>Es war ein Wochenende für die ganze Gemeinde, für Jung und Alt &#8211; eine gute Gelegenheit sich näher kennenzulernen! Die Kinder konnten sich an der frischen Luft austoben. Beim Fußballspielen sahen wir wahre Talente, Jungs und Mädels schenkten sich nichts. Höhepunkt des ersten Abends war das Bibelquiz. Pfarrer Schmitt hat es uns nicht leichtgemacht. Aufgeteilt in Gruppen wurden die Aufgaben mit Unterstützung der Kinder gelöst. Die Gruppe „Elena“ trug den Sieg davon. Wir hatten einen Riesenspaß!</p>
<p><img loading="lazy" decoding="async" class="alignright size-full wp-image-1625" src="https://www.selk-muenchen.de/wp-content/uploads/2014/10/IMG_9778-11.jpg" alt="IMG_9778" width="120" height="80" />Thema des Gemeinde-wochenendes war: „<strong>Das Alte Testament – was gilt für Christ</strong><strong>en und was nicht!</strong>“ Interessante theologische Einführungen von Pfarrer Schmitt zu den Themen „Christliche Freiheit“, „Auslegung der Bibel“, „Schöpfungsordnung – Gott schuf den Menschen zu seinem Ebenbild als Mann und Frau“ und „Väter und Mütter im Glauben“, führten zu intensiven Diskussionen. Bei der Schöpfungsordnung gingen die Meinungen zwischen jüngeren und älteren Gemeindegliedern etwas auseinander. Junge Eltern sahen geringere Unterschiede zwischen Mann und Frau, in der frühen Betreuung der Kinder in Krippen gab es weniger Bedenken und die Aufgaben von Mann und Frau in der Ehe und Gesellschaft sahen sie variabler. In zwei Punkten waren sich alle einig, erstens, keine Einmischung in Familie und Ehe durch den Staat und zweitens, bitte keine Genderideologie! Mir hat die Diskussion gefallen und gezeigt: unsere Gemeinde besitzt eine hohe Diskussionskultur!</p>
<p>In Abraham, Noah, Mose, David, Jona, Daniel und Jesaja verwandelten sich die Kinder in der Talkshow „Gegenwart trifft auf Vergangenheit“. Da <img loading="lazy" decoding="async" class="alignleft size-full wp-image-1626" src="https://www.selk-muenchen.de/wp-content/uploads/2014/10/IMG_9830-11.jpg" alt="IMG_9830" width="240" height="111" />wurde uns vor Augen geführt, dass wir heute mit vergleichbaren Problemen belastet sind. Das Alte Testament hat uns auch heute viel zu sagen. Das haben die Kinder und das Team gut veranschaulicht!</p>
<p>Samstagabend stieg ein Wohlgeruch gen Himmel! Im Park unter Bäumen grillten unsere Fachmänner Steaks und Würstchen. Mit leckeren Salaten genossen wir die Grillspezialitäten. Auch den Durst, den alle in der Sommerhitze spürten, konnten wir stillen. Es war ein geselliger Abend!</p>
<p><img loading="lazy" decoding="async" class="alignright size-full wp-image-1627" src="https://www.selk-muenchen.de/wp-content/uploads/2014/10/IMG_9883-11.jpg" alt="IMG_9883" width="120" height="80" />Am Sonntag feierten wir den Gottesdienst mit Heiligem Abendmahl in der Kapelle. Pfarrer Schmitt predigte über die Emmaus-Jünger. In der Fürbitte gedachten wir insbesondere der Opfer des Attentats im Olympiaeinkaufszentrum in München. Nach dem Mittagessen erhielten wir den Reisesegen. Es bleibt die Erinnerung an ein schönes Wochenende in Ottmaring. Wir freuen uns schon auf das Gemeindewochenende im nächsten Jahr!</p>
<p>Das letzte Gemeindewochenende in Ottmaring war vom 21. bis 23. Juli 2017 (Thema: <span style="color: #993366;">500 Jahre Reformation – was gilt es auch heute zu glauben, zu lehren und zu bekennen?</span>).</p>
<p>Wegen des Kirchbaus fand 2018 und findet auch 2019 kein Gemeindewochenende in Ottmaring statt.</p>
<p>Weitere Informationen erhalten Sie im <a title="Startseite" href="https://www.selk-muenchen.de/wp-content/uploads/2014/10/?page_id=115">Pfarramt </a>und über den <a title="Gemeindebrief" href="https://www.selk-muenchen.de/wp-content/uploads/2014/10/?page_id=484">Gemeindebrief</a>.</p>

<p>In einigen Jahren traf sich die Gemeinde ein Wochenende lang, um gemeinsam ein Thema zu behandeln. Das Gemeindewochenende 2014 stand unter dem Motto &#8220;Kirche sind wir alle &#8211; auch ich!?&#8221; und fand vom 25.-27. Juli in Ottmaring statt. Vom Freitag, 22. Juli bis Sonntag, 24. Juli 2016 fand unser Gemeindewochenende statt. Das Ökumenische Begegnungszentrum in Ottmaring &hellip; <a href="https://www.selk-muenchen.de/en/jaehrliche-veranstaltungen/gemeindewochenende/" class="more-link">Continue reading <span class="screen-reader-text">Gemeindewochenende</span> <span class="meta-nav">&rarr;</span></a></p>
