{"id":24,"date":"2014-10-11T21:42:36","date_gmt":"2014-10-11T19:42:36","guid":{"rendered":"http:\/\/new.selk-muenchen.de\/?page_id=24"},"modified":"2026-02-26T15:01:43","modified_gmt":"2026-02-26T14:01:43","slug":"grusswort-des-pfarrers","status":"publish","type":"page","link":"https:\/\/www.selk-muenchen.de\/en\/grusswort-des-pfarrers\/","title":{"rendered":"Gru\u00dfwort des Vikars"},"content":{"rendered":"<p><a href=\"https:\/\/www.selk-muenchen.de\/wp-content\/uploads\/2024\/12\/Profilbild.jpeg\"><img loading=\"lazy\" decoding=\"async\" class=\"size-medium wp-image-9791 alignright\" src=\"https:\/\/www.selk-muenchen.de\/wp-content\/uploads\/2024\/12\/Profilbild-225x300.jpeg\" alt=\"\" width=\"225\" height=\"300\" srcset=\"https:\/\/www.selk-muenchen.de\/wp-content\/uploads\/2024\/12\/Profilbild-225x300.jpeg 225w, https:\/\/www.selk-muenchen.de\/wp-content\/uploads\/2024\/12\/Profilbild-769x1024.jpeg 769w, https:\/\/www.selk-muenchen.de\/wp-content\/uploads\/2024\/12\/Profilbild-768x1022.jpeg 768w, https:\/\/www.selk-muenchen.de\/wp-content\/uploads\/2024\/12\/Profilbild-1154x1536.jpeg 1154w, https:\/\/www.selk-muenchen.de\/wp-content\/uploads\/2024\/12\/Profilbild.jpeg 1202w\" sizes=\"auto, (max-width: 225px) 100vw, 225px\" \/><\/a><\/p>\n<p><strong>Jesus spricht zu Thomas: \u201e, weil du mich gesehen hast, darum glaubst du? Selig sind,<\/strong><br \/>\n<strong>die nicht sehen und doch glauben!\u201c<\/strong><br \/>\n(Johannes 20,29)<\/p>\n<p>Liebe Gemeinde, liebe Leser,<\/p>\n<p>w\u00fcnschen wir uns das nicht auch manchmal, Jesus mit unseren eigenen Augen sehen zu k\u00f6nnen? W\u00fcrde es uns dann nicht viel leichter fallen, an ihn zu glauben? Und w\u00fcrden dann nicht auch alle anderen Menschen erkennen, dass Jesus wirklich von den Toten auferstanden ist? Und dass er wirklich Gottes Sohn ist? So wie Thomas zweifeln auch heute viele. Da hei\u00dft es oft: \u201eIch bin eher ein rationaler Mensch. Ich glaube nur an das, was ich sehe.\u201c<br \/>\nIn vielen Bereichen unseres Lebens ist das durchaus eine sinnvolle Einstellung. Wir k\u00f6nnen nachsehen, ob der Ofen wirklich aus ist. Wir k\u00f6nnen nachvollziehen, ob uns in diesem Monat wirklich unser Gehalt \u00fcberwiesen wurde. Hier gilt: Vertrauen ist gut, Kontrolle ist besser.<br \/>\nAber so funktioniert das beim Glauben nicht. Denn Gott ist nicht blo\u00df ein beobachtbares und kontrollierbares Ph\u00e4nomen innerhalb unserer immanenten Welt. Wenn er das w\u00e4re, dann w\u00e4re er nicht Gott. Wenn er aber wirklich der souver\u00e4ne und allm\u00e4chtige Gott ist, dann entscheidet er selbst, an welchen Stellen er f\u00fcr uns Menschen sichtbar und erfahrbar wird. Mit seinem Tadel an Thomas verdeutlicht Jesus, worauf es beim Glauben wirklich ankommt.<br \/>\nGlaube ist mehr als menschliches Wissen und eigene Erfahrung. Glaube ist das Vertrauen auf Gott und seine Zusagen, auch wenn wir ihn und die Erf\u00fcllung seiner Versprechen noch nicht sehen und mit unserem Verstand begreifen k\u00f6nnen. \u201eEs ist aber der Glaube eine feste Zuversicht dessen, was man hofft, und ein Nichtzweifeln an dem, was man nicht sieht\u201c, so definiert es der Verfasser des Hebr\u00e4erbriefs.<br \/>\nWer nicht sieht und trotzdem glaubt, der ist selig, weil er blind auf Gott vertrauen kann. Aus unseren zwischenmenschlichen Beziehungen wissen wir, dass Vertrauen nur dort entsteht, wo wir gemeinsam Zeit verbringen, miteinander reden und aufeinander h\u00f6ren.<br \/>\nNutzen wir in den n\u00e4chsten Monaten also wieder die Gelegenheit, Zeit mit Gott zu verbringen, ihn durch Andachten und Gebete in unseren Alltag zu integrieren und in den Gottesdiensten auf sein Wort zu h\u00f6ren. Dadurch will er uns das Vertrauen zu ihm<br \/>\nschenken und unseren Glauben wachsen lassen.<br \/>\nUnd wer wei\u00df, vielleicht blitzt dabei an der einen oder anderen Stelle auch schon etwas von der sichtbaren Herrlichkeit des auferstandenen Christus\u2019 in unserem<br \/>\nLeben auf!<\/p>\n<p>In diesem Sinne gr\u00fc\u00dft herzlich<br \/>\nIhr\/euer Vikar Joshua Volkmar<\/p>\n<div id=\"balloon_parent_div_ab\" class=\"kisb\" style=\"visibility: hidden; position: absolute; left: 402px; top: 91px;\">\n<div class=\"kl_abmenu\">Zu Anti-Banner hinzuf\u00fcgen<\/div>\n<\/div>\n","protected":false},"excerpt":{"rendered":"<p>Jesus spricht zu Thomas: \u201e, weil du mich gesehen hast, darum glaubst du? Selig sind, die nicht sehen und doch glauben!\u201c (Johannes 20,29) Liebe Gemeinde, liebe Leser, w\u00fcnschen wir uns das nicht auch manchmal, Jesus mit unseren eigenen Augen sehen zu k\u00f6nnen? W\u00fcrde es uns dann nicht viel leichter fallen, an ihn zu glauben? Und &hellip; <a href=\"https:\/\/www.selk-muenchen.de\/en\/grusswort-des-pfarrers\/\" class=\"more-link\">Continue reading <span class=\"screen-reader-text\">Gru\u00dfwort des Vikars<\/span> <span class=\"meta-nav\">&rarr;<\/span><\/a><\/p>\n","protected":false},"author":1,"featured_media":0,"parent":0,"menu_order":2,"comment_status":"closed","ping_status":"closed","template":"","meta":{"footnotes":""},"class_list":["post-24","page","type-page","status-publish","hentry"],"translation":{"provider":"WPGlobus","version":"3.0.2","language":"en","enabled_languages":["de","en"],"languages":{"de":{"title":true,"content":true,"excerpt":false},"en":{"title":false,"content":false,"excerpt":false}}},"_links":{"self":[{"href":"https:\/\/www.selk-muenchen.de\/en\/wp-json\/wp\/v2\/pages\/24","targetHints":{"allow":["GET"]}}],"collection":[{"href":"https:\/\/www.selk-muenchen.de\/en\/wp-json\/wp\/v2\/pages"}],"about":[{"href":"https:\/\/www.selk-muenchen.de\/en\/wp-json\/wp\/v2\/types\/page"}],"author":[{"embeddable":true,"href":"https:\/\/www.selk-muenchen.de\/en\/wp-json\/wp\/v2\/users\/1"}],"replies":[{"embeddable":true,"href":"https:\/\/www.selk-muenchen.de\/en\/wp-json\/wp\/v2\/comments?post=24"}],"version-history":[{"count":120,"href":"https:\/\/www.selk-muenchen.de\/en\/wp-json\/wp\/v2\/pages\/24\/revisions"}],"predecessor-version":[{"id":11231,"href":"https:\/\/www.selk-muenchen.de\/en\/wp-json\/wp\/v2\/pages\/24\/revisions\/11231"}],"wp:attachment":[{"href":"https:\/\/www.selk-muenchen.de\/en\/wp-json\/wp\/v2\/media?parent=24"}],"curies":[{"name":"wp","href":"https:\/\/api.w.org\/{rel}","templated":true}]}}

Grußwort des Vikars

<p><a href="https://www.selk-muenchen.de/wp-content/uploads/2024/12/Profilbild.jpeg"><img loading="lazy" decoding="async" class="size-medium wp-image-9791 alignright" src="https://www.selk-muenchen.de/wp-content/uploads/2024/12/Profilbild-225x300.jpeg" alt="" width="225" height="300" srcset="https://www.selk-muenchen.de/wp-content/uploads/2024/12/Profilbild-225x300.jpeg 225w, https://www.selk-muenchen.de/wp-content/uploads/2024/12/Profilbild-769x1024.jpeg 769w, https://www.selk-muenchen.de/wp-content/uploads/2024/12/Profilbild-768x1022.jpeg 768w, https://www.selk-muenchen.de/wp-content/uploads/2024/12/Profilbild-1154x1536.jpeg 1154w, https://www.selk-muenchen.de/wp-content/uploads/2024/12/Profilbild.jpeg 1202w" sizes="auto, (max-width: 225px) 100vw, 225px" /></a></p>
<p><strong>Jesus spricht zu Thomas: „, weil du mich gesehen hast, darum glaubst du? Selig sind,</strong><br />
<strong>die nicht sehen und doch glauben!“</strong><br />
(Johannes 20,29)</p>
<p>Liebe Gemeinde, liebe Leser,</p>
<p>wünschen wir uns das nicht auch manchmal, Jesus mit unseren eigenen Augen sehen zu können? Würde es uns dann nicht viel leichter fallen, an ihn zu glauben? Und würden dann nicht auch alle anderen Menschen erkennen, dass Jesus wirklich von den Toten auferstanden ist? Und dass er wirklich Gottes Sohn ist? So wie Thomas zweifeln auch heute viele. Da heißt es oft: „Ich bin eher ein rationaler Mensch. Ich glaube nur an das, was ich sehe.“<br />
In vielen Bereichen unseres Lebens ist das durchaus eine sinnvolle Einstellung. Wir können nachsehen, ob der Ofen wirklich aus ist. Wir können nachvollziehen, ob uns in diesem Monat wirklich unser Gehalt überwiesen wurde. Hier gilt: Vertrauen ist gut, Kontrolle ist besser.<br />
Aber so funktioniert das beim Glauben nicht. Denn Gott ist nicht bloß ein beobachtbares und kontrollierbares Phänomen innerhalb unserer immanenten Welt. Wenn er das wäre, dann wäre er nicht Gott. Wenn er aber wirklich der souveräne und allmächtige Gott ist, dann entscheidet er selbst, an welchen Stellen er für uns Menschen sichtbar und erfahrbar wird. Mit seinem Tadel an Thomas verdeutlicht Jesus, worauf es beim Glauben wirklich ankommt.<br />
Glaube ist mehr als menschliches Wissen und eigene Erfahrung. Glaube ist das Vertrauen auf Gott und seine Zusagen, auch wenn wir ihn und die Erfüllung seiner Versprechen noch nicht sehen und mit unserem Verstand begreifen können. „Es ist aber der Glaube eine feste Zuversicht dessen, was man hofft, und ein Nichtzweifeln an dem, was man nicht sieht“, so definiert es der Verfasser des Hebräerbriefs.<br />
Wer nicht sieht und trotzdem glaubt, der ist selig, weil er blind auf Gott vertrauen kann. Aus unseren zwischenmenschlichen Beziehungen wissen wir, dass Vertrauen nur dort entsteht, wo wir gemeinsam Zeit verbringen, miteinander reden und aufeinander hören.<br />
Nutzen wir in den nächsten Monaten also wieder die Gelegenheit, Zeit mit Gott zu verbringen, ihn durch Andachten und Gebete in unseren Alltag zu integrieren und in den Gottesdiensten auf sein Wort zu hören. Dadurch will er uns das Vertrauen zu ihm<br />
schenken und unseren Glauben wachsen lassen.<br />
Und wer weiß, vielleicht blitzt dabei an der einen oder anderen Stelle auch schon etwas von der sichtbaren Herrlichkeit des auferstandenen Christus’ in unserem<br />
Leben auf!</p>
<p>In diesem Sinne grüßt herzlich<br />
Ihr/euer Vikar Joshua Volkmar</p>
<div id="balloon_parent_div_ab" class="kisb" style="visibility: hidden; position: absolute; left: 402px; top: 91px;">
<div class="kl_abmenu">Zu Anti-Banner hinzufügen</div>
</div>

<p>Jesus spricht zu Thomas: „, weil du mich gesehen hast, darum glaubst du? Selig sind, die nicht sehen und doch glauben!“ (Johannes 20,29) Liebe Gemeinde, liebe Leser, wünschen wir uns das nicht auch manchmal, Jesus mit unseren eigenen Augen sehen zu können? Würde es uns dann nicht viel leichter fallen, an ihn zu glauben? Und &hellip; <a href="https://www.selk-muenchen.de/en/grusswort-des-pfarrers/" class="more-link">Continue reading <span class="screen-reader-text">Grußwort des Vikars</span> <span class="meta-nav">&rarr;</span></a></p>
