{"id":4995,"date":"2020-06-20T23:52:16","date_gmt":"2020-06-20T21:52:16","guid":{"rendered":"https:\/\/www.selk-muenchen.de\/?page_id=4995"},"modified":"2025-10-17T12:25:14","modified_gmt":"2025-10-17T10:25:14","slug":"bausteinsammlung-2020-fuer-muenchen","status":"publish","type":"page","link":"https:\/\/www.selk-muenchen.de\/en\/startseite\/bauvorhaben\/bausteinsammlung-2020-fuer-muenchen\/","title":{"rendered":"Film zur Bausteinsammlung 2020"},"content":{"rendered":"<div class=\"wp-block-image is-style-default\">\n<figure class=\"alignleft size-large is-resized\"><img loading=\"lazy\" decoding=\"async\" width=\"827\" height=\"1024\" src=\"https:\/\/www.selk-muenchen.de\/wp-content\/uploads\/2020\/06\/IMG_6026-827x1024.jpg\" alt=\"\" class=\"wp-image-5002\" style=\"width:113px;height:139px\" srcset=\"https:\/\/www.selk-muenchen.de\/wp-content\/uploads\/2020\/06\/IMG_6026-827x1024.jpg 827w, https:\/\/www.selk-muenchen.de\/wp-content\/uploads\/2020\/06\/IMG_6026-242x300.jpg 242w, https:\/\/www.selk-muenchen.de\/wp-content\/uploads\/2020\/06\/IMG_6026-768x951.jpg 768w, https:\/\/www.selk-muenchen.de\/wp-content\/uploads\/2020\/06\/IMG_6026.jpg 872w\" sizes=\"auto, (max-width: 827px) 100vw, 827px\" \/><\/figure>\n<\/div>\n\n<div class=\"wp-block-image is-style-default\">\n<figure class=\"alignright size-large is-resized\"><img loading=\"lazy\" decoding=\"async\" width=\"744\" height=\"470\" src=\"https:\/\/www.selk-muenchen.de\/wp-content\/uploads\/2020\/06\/IMG_6029A.jpg\" alt=\"\" class=\"wp-image-5004\" style=\"width:190px;height:120px\" srcset=\"https:\/\/www.selk-muenchen.de\/wp-content\/uploads\/2020\/06\/IMG_6029A.jpg 744w, https:\/\/www.selk-muenchen.de\/wp-content\/uploads\/2020\/06\/IMG_6029A-300x190.jpg 300w\" sizes=\"auto, (max-width: 744px) 100vw, 744px\" \/><\/figure>\n<\/div>\n\n\n<p>Im 2019 hatte die Kirchenleitung beschlossen die gesamtkirchliche Bausteinsammlung unserer Gemeinde zuzuerkennen. Am 2. Februar 2020 konnte unser Bischof Hans-J\u00f6rg Voigt, DD. (Hannover) in Anwesenheit der Obleute f\u00fcr die Bausteinsammlung Susan und Hans-Herrmann Buhr (Burgfeld) die Bausteinsammlung in einem festlichen Gottesdienst in unserer neuen Kirche er\u00f6ffnen. <\/p>\n\n\n<div class=\"wp-block-image\">\n<figure class=\"alignright size-thumbnail is-resized\"><img loading=\"lazy\" decoding=\"async\" width=\"1017\" height=\"321\" src=\"https:\/\/www.selk-muenchen.de\/wp-content\/uploads\/2020\/06\/Kirche.png\" alt=\"\" class=\"wp-image-4999\" style=\"width:320px;height:100px\" srcset=\"https:\/\/www.selk-muenchen.de\/wp-content\/uploads\/2020\/06\/Kirche.png 1017w, https:\/\/www.selk-muenchen.de\/wp-content\/uploads\/2020\/06\/Kirche-300x95.png 300w, https:\/\/www.selk-muenchen.de\/wp-content\/uploads\/2020\/06\/Kirche-768x242.png 768w\" sizes=\"auto, (max-width: 1017px) 100vw, 1017px\" \/><\/figure>\n<\/div>\n\n\n<p>Nachdem der Kirchbau fertiggestellt war, mussten wir \u2013 aus finanziellen Gr\u00fcnden &#8211; die Realisierung des Glockenturms noch ein wenig verschieben. Aber wir haben uns leiten lassen von der Zuversicht, die unser Leitwort zur Bausteinsammlung beschreibt: \u201eGott hat uns nicht gegeben den Geist der Furcht, sondern der Kraft und der Liebe und der Besonnenheit.\u201c (2. Tim. 1, 7) Nun aber ist es soweit:<\/p>\n\n\n<div class=\"wp-block-image is-style-default\">\n<figure class=\"alignleft size-large is-resized\"><img loading=\"lazy\" decoding=\"async\" width=\"768\" height=\"1024\" src=\"https:\/\/www.selk-muenchen.de\/wp-content\/uploads\/2020\/06\/057-768x1024.jpg\" alt=\"\" class=\"wp-image-4996\" style=\"width:119px;height:159px\" srcset=\"https:\/\/www.selk-muenchen.de\/wp-content\/uploads\/2020\/06\/057-768x1024.jpg 768w, https:\/\/www.selk-muenchen.de\/wp-content\/uploads\/2020\/06\/057-225x300.jpg 225w, https:\/\/www.selk-muenchen.de\/wp-content\/uploads\/2020\/06\/057-1152x1536.jpg 1152w, https:\/\/www.selk-muenchen.de\/wp-content\/uploads\/2020\/06\/057-1536x2048.jpg 1536w, https:\/\/www.selk-muenchen.de\/wp-content\/uploads\/2020\/06\/057-scaled.jpg 1920w\" sizes=\"auto, (max-width: 768px) 100vw, 768px\" \/><\/figure>\n<\/div>\n\n\n<p>Die Glocken wurden bei der Glockengie\u00dferei Bachert gegossen und sind inzwischen sauber geputzt. Der Turm wird zurzeit gebaut und im August oder September als holzverschalte Stahlkonstruktion auf das Eingangsportal gesetzt werden. Wir sind auf die Unterst\u00fctzung der Bausteinsammlung zur Finanzierung unseres Glockenturms angewiesen, da die Gemeinde keine weiteren Schulden mehr tragen kann.<\/p>\n\n\n\n<p>Deshalb freuen wir uns umso mehr, dass nun mit Hilfe der Bausteinsammlung 2020 unsere Kirche endlich ein sichtbares und h\u00f6rbares Zeichen bekenntnisgebundener Lutherischer Kirche in M\u00fcnchen sein kann.<\/p>\n\n\n\n<p>Gerne h\u00e4tten wir einige Gemeinden unserer Kirche pers\u00f6nlich besucht, um unsere neue Kirche und den geplanten Glockenturm \u2013 sowie Interessantes aus unserer Gemeinde &#8211; \u00a0zu pr\u00e4sentieren. Die Corona-Pandemie lies das leider nicht zu. Deshalb haben wir einen kleinen Film gedreht (Dank an Martin R\u00f6hrs), der Ihnen einen Eindruck vom Leben unserer Gemeinde in Oberbayern und den Kirchbau gibt.<\/p>\n\n\n\n<figure class=\"wp-block-video\"><video height=\"540\" style=\"aspect-ratio: 960 \/ 540;\" width=\"960\" controls src=\"https:\/\/www.selk-muenchen.de\/wp-content\/uploads\/2020\/05\/Trinitatis5low.mp4\"><\/video><\/figure>\n\n\n\n<p>Wir w\u00fcnschen Ihnen viel Freude beim Ansehen und danken von Herzen f\u00fcr jede Spende beim Kauf der Bausteine f\u00fcr M\u00fcnchen.<\/p>\n\n\n\n<p>F\u00fcr den Kirchenvorstand der Trinitatisgemeinde M\u00fcnchen<br \/>Pfarrer Frank-Christian Schmitt<\/p>\n","protected":false},"excerpt":{"rendered":"<p>Im 2019 hatte die Kirchenleitung beschlossen die gesamtkirchliche Bausteinsammlung unserer Gemeinde zuzuerkennen. Am 2. Februar 2020 konnte unser Bischof Hans-J\u00f6rg Voigt, DD. (Hannover) in Anwesenheit der Obleute f\u00fcr die Bausteinsammlung Susan und Hans-Herrmann Buhr (Burgfeld) die Bausteinsammlung in einem festlichen Gottesdienst in unserer neuen Kirche er\u00f6ffnen. Nachdem der Kirchbau fertiggestellt war, mussten wir \u2013 aus &hellip; <a href=\"https:\/\/www.selk-muenchen.de\/en\/startseite\/bauvorhaben\/bausteinsammlung-2020-fuer-muenchen\/\" class=\"more-link\">Continue reading <span class=\"screen-reader-text\">Film zur Bausteinsammlung 2020<\/span> <span class=\"meta-nav\">&rarr;<\/span><\/a><\/p>\n","protected":false},"author":1,"featured_media":0,"parent":28,"menu_order":5,"comment_status":"closed","ping_status":"closed","template":"","meta":{"footnotes":""},"class_list":["post-4995","page","type-page","status-publish","hentry"],"translation":{"provider":"WPGlobus","version":"3.0.2","language":"en","enabled_languages":["de","en"],"languages":{"de":{"title":true,"content":true,"excerpt":false},"en":{"title":false,"content":false,"excerpt":false}}},"_links":{"self":[{"href":"https:\/\/www.selk-muenchen.de\/en\/wp-json\/wp\/v2\/pages\/4995","targetHints":{"allow":["GET"]}}],"collection":[{"href":"https:\/\/www.selk-muenchen.de\/en\/wp-json\/wp\/v2\/pages"}],"about":[{"href":"https:\/\/www.selk-muenchen.de\/en\/wp-json\/wp\/v2\/types\/page"}],"author":[{"embeddable":true,"href":"https:\/\/www.selk-muenchen.de\/en\/wp-json\/wp\/v2\/users\/1"}],"replies":[{"embeddable":true,"href":"https:\/\/www.selk-muenchen.de\/en\/wp-json\/wp\/v2\/comments?post=4995"}],"version-history":[{"count":33,"href":"https:\/\/www.selk-muenchen.de\/en\/wp-json\/wp\/v2\/pages\/4995\/revisions"}],"predecessor-version":[{"id":10711,"href":"https:\/\/www.selk-muenchen.de\/en\/wp-json\/wp\/v2\/pages\/4995\/revisions\/10711"}],"up":[{"embeddable":true,"href":"https:\/\/www.selk-muenchen.de\/en\/wp-json\/wp\/v2\/pages\/28"}],"wp:attachment":[{"href":"https:\/\/www.selk-muenchen.de\/en\/wp-json\/wp\/v2\/media?parent=4995"}],"curies":[{"name":"wp","href":"https:\/\/api.w.org\/{rel}","templated":true}]}}

<div class="wp-block-image is-style-default">
<figure class="alignleft size-large is-resized"><img loading="lazy" decoding="async" width="827" height="1024" src="https://www.selk-muenchen.de/wp-content/uploads/2020/06/IMG_6026-827x1024.jpg" alt="" class="wp-image-5002" style="width:113px;height:139px" srcset="https://www.selk-muenchen.de/wp-content/uploads/2020/06/IMG_6026-827x1024.jpg 827w, https://www.selk-muenchen.de/wp-content/uploads/2020/06/IMG_6026-242x300.jpg 242w, https://www.selk-muenchen.de/wp-content/uploads/2020/06/IMG_6026-768x951.jpg 768w, https://www.selk-muenchen.de/wp-content/uploads/2020/06/IMG_6026.jpg 872w" sizes="auto, (max-width: 827px) 100vw, 827px" /></figure>
</div>

<div class="wp-block-image is-style-default">
<figure class="alignright size-large is-resized"><img loading="lazy" decoding="async" width="744" height="470" src="https://www.selk-muenchen.de/wp-content/uploads/2020/06/IMG_6029A.jpg" alt="" class="wp-image-5004" style="width:190px;height:120px" srcset="https://www.selk-muenchen.de/wp-content/uploads/2020/06/IMG_6029A.jpg 744w, https://www.selk-muenchen.de/wp-content/uploads/2020/06/IMG_6029A-300x190.jpg 300w" sizes="auto, (max-width: 744px) 100vw, 744px" /></figure>
</div>


<p>Im 2019 hatte die Kirchenleitung beschlossen die gesamtkirchliche Bausteinsammlung unserer Gemeinde zuzuerkennen. Am 2. Februar 2020 konnte unser Bischof Hans-Jörg Voigt, DD. (Hannover) in Anwesenheit der Obleute für die Bausteinsammlung Susan und Hans-Herrmann Buhr (Burgfeld) die Bausteinsammlung in einem festlichen Gottesdienst in unserer neuen Kirche eröffnen. </p>


<div class="wp-block-image">
<figure class="alignright size-thumbnail is-resized"><img loading="lazy" decoding="async" width="1017" height="321" src="https://www.selk-muenchen.de/wp-content/uploads/2020/06/Kirche.png" alt="" class="wp-image-4999" style="width:320px;height:100px" srcset="https://www.selk-muenchen.de/wp-content/uploads/2020/06/Kirche.png 1017w, https://www.selk-muenchen.de/wp-content/uploads/2020/06/Kirche-300x95.png 300w, https://www.selk-muenchen.de/wp-content/uploads/2020/06/Kirche-768x242.png 768w" sizes="auto, (max-width: 1017px) 100vw, 1017px" /></figure>
</div>


<p>Nachdem der Kirchbau fertiggestellt war, mussten wir – aus finanziellen Gründen &#8211; die Realisierung des Glockenturms noch ein wenig verschieben. Aber wir haben uns leiten lassen von der Zuversicht, die unser Leitwort zur Bausteinsammlung beschreibt: „Gott hat uns nicht gegeben den Geist der Furcht, sondern der Kraft und der Liebe und der Besonnenheit.“ (2. Tim. 1, 7) Nun aber ist es soweit:</p>


<div class="wp-block-image is-style-default">
<figure class="alignleft size-large is-resized"><img loading="lazy" decoding="async" width="768" height="1024" src="https://www.selk-muenchen.de/wp-content/uploads/2020/06/057-768x1024.jpg" alt="" class="wp-image-4996" style="width:119px;height:159px" srcset="https://www.selk-muenchen.de/wp-content/uploads/2020/06/057-768x1024.jpg 768w, https://www.selk-muenchen.de/wp-content/uploads/2020/06/057-225x300.jpg 225w, https://www.selk-muenchen.de/wp-content/uploads/2020/06/057-1152x1536.jpg 1152w, https://www.selk-muenchen.de/wp-content/uploads/2020/06/057-1536x2048.jpg 1536w, https://www.selk-muenchen.de/wp-content/uploads/2020/06/057-scaled.jpg 1920w" sizes="auto, (max-width: 768px) 100vw, 768px" /></figure>
</div>


<p>Die Glocken wurden bei der Glockengießerei Bachert gegossen und sind inzwischen sauber geputzt. Der Turm wird zurzeit gebaut und im August oder September als holzverschalte Stahlkonstruktion auf das Eingangsportal gesetzt werden. Wir sind auf die Unterstützung der Bausteinsammlung zur Finanzierung unseres Glockenturms angewiesen, da die Gemeinde keine weiteren Schulden mehr tragen kann.</p>



<p>Deshalb freuen wir uns umso mehr, dass nun mit Hilfe der Bausteinsammlung 2020 unsere Kirche endlich ein sichtbares und hörbares Zeichen bekenntnisgebundener Lutherischer Kirche in München sein kann.</p>



<p>Gerne hätten wir einige Gemeinden unserer Kirche persönlich besucht, um unsere neue Kirche und den geplanten Glockenturm – sowie Interessantes aus unserer Gemeinde &#8211;  zu präsentieren. Die Corona-Pandemie lies das leider nicht zu. Deshalb haben wir einen kleinen Film gedreht (Dank an Martin Röhrs), der Ihnen einen Eindruck vom Leben unserer Gemeinde in Oberbayern und den Kirchbau gibt.</p>



<figure class="wp-block-video"><video height="540" style="aspect-ratio: 960 / 540;" width="960" controls src="https://www.selk-muenchen.de/wp-content/uploads/2020/05/Trinitatis5low.mp4"></video></figure>



<p>Wir wünschen Ihnen viel Freude beim Ansehen und danken von Herzen für jede Spende beim Kauf der Bausteine für München.</p>



<p>Für den Kirchenvorstand der Trinitatisgemeinde München<br />Pfarrer Frank-Christian Schmitt</p>

<p>Im 2019 hatte die Kirchenleitung beschlossen die gesamtkirchliche Bausteinsammlung unserer Gemeinde zuzuerkennen. Am 2. Februar 2020 konnte unser Bischof Hans-Jörg Voigt, DD. (Hannover) in Anwesenheit der Obleute für die Bausteinsammlung Susan und Hans-Herrmann Buhr (Burgfeld) die Bausteinsammlung in einem festlichen Gottesdienst in unserer neuen Kirche eröffnen. Nachdem der Kirchbau fertiggestellt war, mussten wir – aus &hellip; <a href="https://www.selk-muenchen.de/en/startseite/bauvorhaben/bausteinsammlung-2020-fuer-muenchen/" class="more-link">Continue reading <span class="screen-reader-text">Film zur Bausteinsammlung 2020</span> <span class="meta-nav">&rarr;</span></a></p>
